 of 1076614?
True
Is 273765 a multiple of 15?
True
Does 131 divide 1672739?
True
Is 3729187 a multiple of 77?
True
Is 28 a factor of 57277?
False
Is 72450 a multiple of 150?
True
Does 10 divide 3765500?
True
Is 8 a factor of 1381367?
False
Does 17 divide 413014?
False
Is 105225 a multiple of 115?
True
Is 254555 a multiple of 245?
True
Does 245 divide 22649025?
True
Is 20 a factor of 77640?
True
Is 67 a factor of 5427?
True
Is 14808352 a multiple of 116?
False
Is 2895713 a multiple of 658?
False
Is 28 a factor of 491456?
True
Is 10463 a multiple of 6?
False
Is 69980 a multiple of 27?
False
Is 136815 a multiple of 35?
True
Does 67 divide 138757?
True
Is 189 a factor of 5034194?
False
Is 39622 a multiple of 48?
False
Is 55 a factor of 44495?
True
Is 2424704 a multiple of 3?
False
Is 1467 a factor of 490778?
False
Does 24 divide 361442?
False
Is 106148 a multiple of 34?
True
Is 138027 a multiple of 25?
False
Does 1296 divide 8535193?
False
Is 113 a factor of 1528551?
True
Is 276585 a multiple of 169?
False
Does 20 divide 1974160?
True
Does 14 divide 401738?
False
Is 46 a factor of 110354?
True
Does 79 divide 144365?
False
Is 94900 a multiple of 13?
True
Is 14 a factor of 25534?
False
Is 65195 a multiple of 17?
True
Is 10071466 a multiple of 61?
True
Is 75465 a multiple of 45?
True
Is 96 a factor of 6474828?
False
Is 1989170 a multiple of 85?
True
Does 644 divide 689724?
True
Does 8 divide 767120?
True
Is 44 a factor of 388168?
True
Is 1181609 a multiple of 48?
False
Is 75930 a multiple of 4?
False
Does 6 divide 177936?
True
Does 2 divide 3448705?
False
Is 427812 a multiple of 84?
True
Does 54 divide 250182?
True
Is 1875174 a multiple of 292?
False
Does 17 divide 1923298?
False
Does 41 divide 34298424?
False
Is 326946 a multiple of 174?
True
Does 28 divide 104720?
True
Is 132 a factor of 104412?
True
Does 32 divide 13245184?
True
Is 7079475 a multiple of 53?
True
Is 51 a factor of 11414?
False
Is 53361 a multiple of 11?
True
Does 387 divide 1672227?
True
Is 234098 a multiple of 113?
False
Is 389 a factor of 3901281?
True
Does 223 divide 3654301?
True
Does 103 divide 103909?
False
Is 35 a factor of 280823?
False
Is 27021 a multiple of 12?
False
Is 145 a factor of 1863598?
False
Does 119 divide 132260?
False
Does 149 divide 4280621?
True
Does 121 divide 15001217?
True
Is 10 a factor of 364070?
True
Is 175266 a multiple of 39?
True
Is 16683228 a multiple of 9?
True
Is 46539 a multiple of 9?
True
Does 87 divide 112375?
False
Does 28 divide 873153?
False
Is 164 a factor of 18723?
False
Does 675 divide 1781408?
False
Is 8175603 a multiple of 609?
False
Does 196 divide 1000789?
False
Is 242 a factor of 275880?
True
Is 4189122 a multiple of 63?
True
Is 31452764 a multiple of 139?
False
Does 225 divide 1350?
True
Does 50 divide 4588?
False
Does 48 divide 34206?
False
Is 202 a factor of 2830024?
False
Is 51519 a multiple of 39?
True
Does 90 divide 131670?
True
Is 25752 a multiple of 12?
True
Is 23 a factor of 7414319?
False
Is 22 a factor of 136312?
True
Does 24 divide 1133592?
True
Is 10 a factor of 3138710?
True
Is 282100 a multiple of 7?
True
Is 419546 a multiple of 178?
True
Is 462852 a multiple of 276?
True
Does 42 divide 597529?
False
Does 1172 divide 1930284?
True
Is 425 a factor of 1792225?
True
Does 99 divide 4419550?
False
Is 48 a factor of 42864?
True
Does 81 divide 91449?
True
Is 114468 a multiple of 346?
False
Does 9 divide 179916?
False
Does 17 divide 285056?
True
Is 185160 a multiple of 10?
True
Is 379 a factor of 5018339?
True
Does 34 divide 7019?
False
Is 150 a factor of 49437?
False
Does 9 divide 663675?
False
Is 764525 a multiple of 25?
True
Is 96 a factor of 49008?
False
Is 34 a factor of 389045?
False
Does 19 divide 2803773?
True
Does 70 divide 149695?
False
Does 3229 divide 16192722?
False
Is 241056 a multiple of 72?
True
Is 5469864 a multiple of 58?
True
Does 23 divide 1843430?
False
Is 160569 a multiple of 6?
False
Does 32 divide 12181472?
True
Is 98 a factor of 31556?
True
Does 576 divide 1831964?
False
Does 59 divide 56581?
True
Does 179 divide 1106617?
False
Is 356430 a multiple of 10?
True
Does 9 divide 25606387?
False
Does 206 divide 299246?
False
Is 262 a factor of 15746?
False
Is 61 a factor of 127343?
False
Is 3408894 a multiple of 9?
True
Is 8 a factor of 5162810?
False
Does 28 divide 3740209?
False
Does 316 divide 118184?
True
Does 14 divide 20692?
True
Does 118 divide 3440644?
True
Is 17565910 a multiple of 235?
False
Is 19 a factor of 4496046?
True
Is 7999009 a multiple of 149?
False
Does 24 divide 330145?
False
Does 2 divide 1842990?
True
Does 11 divide 473341?
True
Is 168962 a multiple of 3?
False
Is 8 a factor of 3966246?
False
Does 18 divide 10372878?
True
Is 24017736 a multiple of 1369?
True
Is 456610 a multiple of 35?
True
Does 8 divide 551601?
False
Is 19 a factor of 496318?
True
Does 15 divide 114038?
False
Does 54 divide 416031?
False
Does 71 divide 111541?
True
Is 136168 a multiple of 8?
True
Does 73 divide 185782?
False
Is 1223 a factor of 10527584?
True
Is 289 a factor of 21911579?
False
Does 12 divide 715620?
True
Does 22 divide 795058?
True
Is 128 a factor of 265216?
True
Does 173 divide 81892?
False
Does 5 divide 119263?
False
Does 92 divide 831220?
True
Is 13241 a multiple of 8?
False
Does 16 divide 324224?
True
Does 4 divide 68370?
False
Is 8586942 a multiple of 11?
False
Is 3570252 a multiple of 133?
True
Is 14 a factor of 911341?
False
Is 73 a factor of 527498?
True
Is 166602 a multiple of 3?
True
Is 39 a factor of 3015753?
True
Is 115 a factor of 45753?
False
Is 85675 a multiple of 37?
False
Is 16 a factor of 1295661?
False
Does 19 divide 54834?
True
Does 109 divide 1215350?
True
Is 690852 a multiple of 37?
False
Does 27 divide 2423491?
False
Is 8475902 a multiple of 86?
True
Does 13 divide 85096?
False
Does 648 divide 2542104?
True
Is 9870429 a multiple of 97?
True
Is 468208 a multiple of 76?
False
Is 640 a factor of 5342080?
True
Does 18 divide 1222930?
False
Is 5616 a multiple of 27?
True
Is 13846 even?
True
Is 181 a factor of 234576?
True
Is 3524784 a multiple of 16?
True
Does 52 divide 1614359?
False
Is 700 a multiple of 25?
True
Is 650 a factor of 451942?
False
Is 1776226 a multiple of 156?
False
Does 59 divide 9139147?
False
Is 231 a factor of 204897?
True
Is 151650 a multiple of 119?
False
Is 125610 a multiple of 29?
False
Is 24 a factor of 6816?
True
Is 808 a factor of 1094628?
False
Is 1004344 a multiple of 101?
True
Is 308112 a multiple of 56?
True
Is 995337 a multiple of 549?
True
Does 18 divide 43128?
True
Is 8 a factor of 21453?
False
Does 502 divide 51204?
True
Is 121050 a multiple of 269?
True
Is 27900 a multiple of 20?
True
Does 13 divide 608175?
False
Does 21 divide 151231?
False
Is 232 a factor of 277724?
False
Does 15 divide 103561?
False
Does 221 divide 80726?
False
Does 1847 divide 1597448?
False
Is 4260612 a multiple of 718?
True
Does 3 divide 1510629?
True
Is 2383013 a multiple of 83?
True
Is 2346272 a multiple of 544?
True
Does 6 divide 4002786?
True
Is 9574125 a multiple of 75?
True
Does 4 divide 88739?
False
Does 7 divide 2852078?
False
Is 128164 a multiple of 39?
False
Is 300 a factor of 109800?
True
Is 12276 a multiple of 11?
True
Does 31 divide 197098?
True
Is 22 a factor of 374465?
False
Does 454 divide 1873525?
False
Does 209 divide 5641955?
True
Is 193 a factor of 10995789?
True
Does 128 divide 417604?
False
Is 386 a factor of 60988?
True
Is 262 a factor of 174083?
False
Is 6005000 a multiple of 125?
True
Is 3417009 a multiple of 24?
False
Is 404254 a multiple of 260?
False
Does 11 divide 1494680?
True
Is 264767 a multiple of 2?
False
Is 323323 a multiple of 13?
True
Does 101 divide 86106?
False
Is 340 a factor of 289164?
False
Is 4 a factor of 612956?
True
Is 152 a factor of 157844?
False
Does 52 divide 7095088?
True
Does 46 divide 11454236?
False
Is 119 a factor of 75832?
False
Does 21 divide 82215?
True
Does 14 divide 145586?
True
Is 44814473 a multiple of 13?
False
Is 2088614 a multiple of 11?
True
Does 84 divide 159516?
True
Is 7 a factor of 2433900?
True
Is 15378125 a multiple of 19?
True
Is 212 a factor of 2577708?
True
Is 136600 a multiple of 10?
True
Does 203 divide 656299?
True
Is 1370950 a multiple of 5?
True
Is 8085156 a multiple of 6?
True
Is 3231 even?